{"id":254,"date":"2022-12-10T12:38:17","date_gmt":"2022-12-10T11:38:17","guid":{"rendered":"https:\/\/duron900.de\/eislaufen\/?page_id=254"},"modified":"2022-12-10T12:38:17","modified_gmt":"2022-12-10T11:38:17","slug":"delfine-laufen-schlittschuh","status":"publish","type":"page","link":"https:\/\/duron900.de\/eislaufen\/?page_id=254","title":{"rendered":"Delfine laufen Schlittschuh"},"content":{"rendered":"\n<figure class=\"is-layout-flex wp-block-gallery-1 wp-block-gallery has-nested-images columns-default is-cropped\">\n<figure class=\"wp-block-image size-large\"><img decoding=\"async\" loading=\"lazy\" width=\"804\" height=\"568\" data-id=\"262\"  src=\"https:\/\/duron900.de\/eislaufen\/wp-content\/uploads\/2022\/12\/082283C5-4A6F-4EFA-BB0A-9AE746597D38.jpeg\" alt=\"\" class=\"wp-image-262\" srcset=\"https:\/\/duron900.de\/eislaufen\/wp-content\/uploads\/2022\/12\/082283C5-4A6F-4EFA-BB0A-9AE746597D38.jpeg 804w, https:\/\/duron900.de\/eislaufen\/wp-content\/uploads\/2022\/12\/082283C5-4A6F-4EFA-BB0A-9AE746597D38-300x212.jpeg 300w, https:\/\/duron900.de\/eislaufen\/wp-content\/uploads\/2022\/12\/082283C5-4A6F-4EFA-BB0A-9AE746597D38-768x543.jpeg 768w\" sizes=\"(max-width: 804px) 85vw, 804px\" \/><\/figure>\n<\/figure>\n\n\n\n<p><\/p>\n\n\n\n<p>Ein Buch f\u00fcr Kinder. Und f\u00fcr jung gebliebene Erwachsene. Ein Buch \u00fcber die Erf\u00fcllung der Tr\u00e4ume von Delfinen auf Schlittschuhen, die sich trauen, einen anderen Weg zu gehen als ihre Spielkameraden im Wasser. Der Glaube und die Wasser-Fee erm\u00f6glichten Bellanio und Lissi, dass der Wunsch, Techniken auf dem Eis ganz spielerisch und m\u00fchelos zu erlernen, in Erf\u00fcllung ging.<\/p>\n\n\n\n<p>Eine fantastische Geschichte, die nicht nur Kindern  viel Freude bereitet und sogar Familien und ihre Lieben zum Ausprobieren einl\u00e4dt. Nachmachen in den Eishallen und im Winter auf absolut sicheren Natureisfl\u00e4chen ist erw\u00fcnscht.<\/p>\n\n\n\n<p>Viel Freude dabei!<\/p>\n\n\n\n<p>Preis: 14,90 Euro<\/p>\n\n\n\n<p>Vorbestellung per Email: medisi@web.de <\/p>\n","protected":false},"excerpt":{"rendered":"<p>Ein Buch f\u00fcr Kinder. Und f\u00fcr jung gebliebene Erwachsene. Ein Buch \u00fcber die Erf\u00fcllung der Tr\u00e4ume von Delfinen auf Schlittschuhen, die sich trauen, einen anderen Weg zu gehen als ihre Spielkameraden im Wasser. Der Glaube und die Wasser-Fee erm\u00f6glichten Bellanio und Lissi, dass der Wunsch, Techniken auf dem Eis ganz spielerisch und m\u00fchelos zu erlernen, &hellip; <a href=\"https:\/\/duron900.de\/eislaufen\/?page_id=254\" class=\"more-link\"><span class=\"screen-reader-text\">&#8222;Delfine laufen Schlittschuh&#8220; <\/span>weiterlesen<\/a><\/p>\n","protected":false},"author":6,"featured_media":0,"parent":0,"menu_order":0,"comment_status":"closed","ping_status":"closed","template":"","meta":[],"_links":{"self":[{"href":"https:\/\/duron900.de\/eislaufen\/index.php?rest_route=\/wp\/v2\/pages\/254"}],"collection":[{"href":"https:\/\/duron900.de\/eislaufen\/index.php?rest_route=\/wp\/v2\/pages"}],"about":[{"href":"https:\/\/duron900.de\/eislaufen\/index.php?rest_route=\/wp\/v2\/types\/page"}],"author":[{"embeddable":true,"href":"https:\/\/duron900.de\/eislaufen\/index.php?rest_route=\/wp\/v2\/users\/6"}],"replies":[{"embeddable":true,"href":"https:\/\/duron900.de\/eislaufen\/index.php?rest_route=%2Fwp%2Fv2%2Fcomments&post=254"}],"version-history":[{"count":3,"href":"https:\/\/duron900.de\/eislaufen\/index.php?rest_route=\/wp\/v2\/pages\/254\/revisions"}],"predecessor-version":[{"id":272,"href":"https:\/\/duron900.de\/eislaufen\/index.php?rest_route=\/wp\/v2\/pages\/254\/revisions\/272"}],"wp:attachment":[{"href":"https:\/\/duron900.de\/eislaufen\/index.php?rest_route=%2Fwp%2Fv2%2Fmedia&parent=254"}],"curies":[{"name":"wp","href":"https:\/\/api.w.org\/{rel}","templated":true}]}}