{"id":559,"date":"2023-09-07T22:07:00","date_gmt":"2023-09-07T20:07:00","guid":{"rendered":"https:\/\/duron900.de\/eislaufen\/?page_id=559"},"modified":"2026-01-05T16:56:26","modified_gmt":"2026-01-05T15:56:26","slug":"patcheis-im-mai-2-2-2-2","status":"publish","type":"page","link":"https:\/\/duron900.de\/eislaufen\/?page_id=559","title":{"rendered":"Bonn on ICE"},"content":{"rendered":"\r\n<p>&nbsp;<\/p>\r\n\r\n\r\n\r\n<figure class=\"wp-block-image size-full is-style-rounded\"><img decoding=\"async\" loading=\"lazy\" width=\"768\" height=\"182\" class=\"wp-image-602\" src=\"https:\/\/duron900.de\/eislaufen\/wp-content\/uploads\/2023\/09\/2FD598FDFB158C5AFFB74F7215471F8A23064D3D616D72517BC16F695EAC7443-e1696078026825.jpeg\" alt=\"\" srcset=\"https:\/\/duron900.de\/eislaufen\/wp-content\/uploads\/2023\/09\/2FD598FDFB158C5AFFB74F7215471F8A23064D3D616D72517BC16F695EAC7443-e1696078026825.jpeg 768w, https:\/\/duron900.de\/eislaufen\/wp-content\/uploads\/2023\/09\/2FD598FDFB158C5AFFB74F7215471F8A23064D3D616D72517BC16F695EAC7443-e1696078026825-300x71.jpeg 300w\" sizes=\"(max-width: 768px) 85vw, 768px\" \/><\/figure>\r\n\r\n\r\n\r\n<p>Auch in dieser Saison gibt es bei &#8222;Bonn on ICE&#8220; was zu lernen.<br \/><br \/>Sucht euch einen Termin raus und meldet euch an.<br \/>Oder doch lieber Privatunterricht? Ihr habt die Wahl!<\/p>\r\n<p>Ihr habt auch die M\u00f6glichkeit mehrere Tage mit einer <a href=\"https:\/\/duron900.de\/eislaufen\/?page_id=211\">Sammel-Karte<\/a><\/p>\r\n\r\n\r\n\r\n<p class=\"has-dark-gray-color has-light-gray-background-color has-text-color has-background\">Einmal ist euch nicht genug?<br \/>G\u00f6nnt euch einen Spezialkurs.<br \/>F\u00fcr Anf\u00e4nger und Fortgeschrittene.<br \/>und hier findest ihr die <a href=\"https:\/\/duron900.de\/eislaufen\/?page_id=493\" data-type=\"page\" data-id=\"493\">Winter Intensivkurs<\/a><\/p>\r\n\r\n\r\n\r\n<div class=\"is-layout-constrained wp-block-group has-background\" style=\"background: linear-gradient(90deg,rgba(131,255,115,0.78) 0%,rgba(0,255,13,0) 100%);\"><div class=\"wp-block-group__inner-container\">\r\n<p>F\u00fcr Anf\u00e4nger: <br \/><br \/>Anf\u00e4nger sind:<\/p>\r\n<ul>\r\n<li>mindestens 4 Jahre alt<\/li>\r\n<li>ohne Inliner- \/ Eislaufkenntnisse<\/li>\r\n<\/ul>\r\n<p>Was lernt der Anf\u00e4nger?<\/p>\r\n<ol>\r\n<li>das sichere Fahren auf dem Eis<\/li>\r\n<li>kleine Kurven fahren<\/li>\r\n<li>Bremsen<\/li>\r\n<li>ein paar kleine Tricks<\/li>\r\n<li>&#8230; vielleicht auch noch mehr \ud83d\ude09 &#8230;<\/li>\r\n<\/ol>\r\n<\/div><\/div>\r\n\r\n\r\n\r\n<div class=\"is-layout-constrained wp-block-group has-background\" style=\"background: linear-gradient(270deg,rgba(131,255,115,0) 15%,rgba(255,237,0,0.31) 100%);\"><div class=\"wp-block-group__inner-container\">\r\n<p>F\u00fcr Fortgeschrittene: <br \/><br \/>Fortgeschritten sind:<\/p>\r\n<ul>\r\n<li>Inliner- \/ Eislaufkenntnisse<\/li>\r\n<li>selbstst\u00e4ndig geradeaus laufen auf dem Eis<\/li>\r\n<\/ul>\r\n<p>Was lernt der Fortgeschrittene?<\/p>\r\n<ol>\r\n<li>Vor- und R\u00fcckw\u00e4rtslaufen<\/li>\r\n<li>Bremsen<\/li>\r\n<li>Slalom<\/li>\r\n<li>Auf einem Bein laufen<\/li>\r\n<li>Spr\u00fcnge<\/li>\r\n<li>Pirouetten<\/li>\r\n<li>Schritte und Tricks<\/li>\r\n<\/ol>\r\n<\/div><\/div>\r\n\r\n\r\n\r\n<p class=\"has-background\" style=\"background: linear-gradient(135deg,#91cff5 0%,#ffffff 100%);\">F\u00fcr Bonn on Ice muss der <span style=\"color: #ff0000;\"><a style=\"color: #ff0000;\" href=\"https:\/\/www.bonnonice.de\/tickets-schlittschuhlaufen.php\">Eintritt<\/a><\/span> online gekauft werden. Bitte sichert euch dort rechtzeitig Platz.<br \/>Der Verleih von Schlittschuhen ist ebenfalls gegen Geb\u00fchr m\u00f6glich.<\/p>\r\n\r\n\r\n\r\n<figure class=\"wp-block-image size-full\"><img decoding=\"async\" loading=\"lazy\" width=\"768\" height=\"193\" class=\"wp-image-603\" src=\"https:\/\/duron900.de\/eislaufen\/wp-content\/uploads\/2023\/09\/68335F962E5B681F7249EB6C4CEAE181263CE71E834724DAE3254F8CA6FD6722-e1696078186369.jpeg\" alt=\"\" srcset=\"https:\/\/duron900.de\/eislaufen\/wp-content\/uploads\/2023\/09\/68335F962E5B681F7249EB6C4CEAE181263CE71E834724DAE3254F8CA6FD6722-e1696078186369.jpeg 768w, https:\/\/duron900.de\/eislaufen\/wp-content\/uploads\/2023\/09\/68335F962E5B681F7249EB6C4CEAE181263CE71E834724DAE3254F8CA6FD6722-e1696078186369-300x75.jpeg 300w\" sizes=\"(max-width: 768px) 85vw, 768px\" \/><\/figure>\r\n\r\n\r\n\r\n<p class=\"has-background\" style=\"background-color: #ff0d004d;\">Bei erfolgreicher Reservierung erhaltet ihr eine Mitteilung auf dem Bildschirm.<br \/>Die darin enthaltene &#8222;Reservierungsnummer&#8220; bitte bei R\u00fcckfragen immer angeben!<\/p>\r\n\r\n\r\n<figure class=\"wp-block-table has-small-font-size\"><table><thead><tr><th class=\"has-text-align-center\" data-align=\"center\">Kurs:<\/th><th class=\"has-text-align-center\" data-align=\"center\">Am:<\/th><th class=\"has-text-align-center\" data-align=\"center\">Link<br>Reservierung:<\/th><th>Pl&auml;tze frei:<\/th><th>Preis:<\/th><\/tr><\/thead><tbody><tr style=\"background:linear-gradient(270deg,rgba(131,255,115,0) 15%,rgba(255,237,0,0.31) 100%)\"><td class=\"has-text-align-center\" data-align=\"center\">Bonn on Ice Fortgeschrittene und Anf\u00e4nger 29.11.25 um 10 Uhr<\/td><td class=\"has-text-align-center\" data-align=\"center\">Sa<br>29.11.2025<br>10:00Uhr - 10:50Uhr<\/td><td class=\"has-text-align-center\" data-align=\"center\"><u>keine Reservierung m&ouml;glich<\/u><\/td><td class=\"has-text-align-center\" data-align=\"center\"><font color=#00bc00>noch 15<\/font><\/td><td>18&euro; \/ 15&euro;<\/td><\/tr><tr style=\"background:linear-gradient(90deg,rgba(131,255,115,0.78) 0%,rgba(0,255,13,0) 100%)\"><td class=\"has-text-align-center\" data-align=\"center\">Bonn on Ice 06.12.25 um 10 Uhr Anf\u00e4nger<\/td><td class=\"has-text-align-center\" data-align=\"center\">Sa<br>06.12.2025<br>10:00Uhr - 11:00Uhr<\/td><td class=\"has-text-align-center\" data-align=\"center\"><u>keine Reservierung m&ouml;glich<\/u><\/td><td class=\"has-text-align-center\" data-align=\"center\"><font color=#00bc00>noch 15<\/font><\/td><td>18&euro; \/ 15&euro;<\/td><\/tr><tr style=\"background:linear-gradient(90deg,rgba(131,255,115,0.78) 0%,rgba(0,255,13,0) 100%)\"><td class=\"has-text-align-center\" data-align=\"center\">Bonn on Ice, 13.12.25 um  10 Uhr Anf\u00e4ngerkurs<\/td><td class=\"has-text-align-center\" data-align=\"center\">Sa<br>13.12.2025<br>10:00Uhr - 10:50Uhr<\/td><td class=\"has-text-align-center\" data-align=\"center\"><u>keine Reservierung m&ouml;glich<\/u><\/td><td class=\"has-text-align-center\" data-align=\"center\"><font color=#00bc00>noch 7<\/font><\/td><td>18&euro; \/ 15&euro;<\/td><\/tr><tr style=\"background:linear-gradient(90deg,rgba(131,255,115,0.78) 0%,rgba(0,255,13,0) 100%)\"><td class=\"has-text-align-center\" data-align=\"center\">Bonn on Ice, 20.12.25 um 10 Uhr Anf\u00e4ngerkurs<\/td><td class=\"has-text-align-center\" data-align=\"center\">Sa<br>20.12.2025<br>10:00Uhr - 10:50Uhr<\/td><td class=\"has-text-align-center\" data-align=\"center\"><u>keine Reservierung m&ouml;glich<\/u><\/td><td class=\"has-text-align-center\" data-align=\"center\"><font color=#00bc00>noch 13<\/font><\/td><td>18&euro; \/ 15&euro;<\/td><\/tr><tr style=\"background:linear-gradient(90deg,rgba(131,255,115,0.78) 0%,rgba(0,255,13,0) 100%)\"><td class=\"has-text-align-center\" data-align=\"center\">Bonn on Ice, 20.12.25 um 11 Uhr Anf\u00e4ngerkurs<\/td><td class=\"has-text-align-center\" data-align=\"center\">Sa<br>20.12.2025<br>11:00Uhr - 11:50Uhr<\/td><td class=\"has-text-align-center\" data-align=\"center\"><u>keine Reservierung m&ouml;glich<\/u><\/td><td class=\"has-text-align-center\" data-align=\"center\"><font color=#00bc00>noch 13<\/font><\/td><td>18&euro; \/ 15&euro;<\/td><\/tr><tr style=\"background:linear-gradient(270deg,rgba(131,255,115,0) 15%,rgba(255,237,0,0.31) 100%)\"><td class=\"has-text-align-center\" data-align=\"center\">Bonn on Ice, 27.12.25 um 10 Uhr Fortgeschrittene<\/td><td class=\"has-text-align-center\" data-align=\"center\">Sa<br>27.12.2025<br>10:00Uhr - 10:50Uhr<\/td><td class=\"has-text-align-center\" data-align=\"center\"><u>keine Reservierung m&ouml;glich<\/u><\/td><td class=\"has-text-align-center\" data-align=\"center\"><font color=#00bc00>noch 9<\/font><\/td><td>18&euro; \/ 15&euro;<\/td><\/tr><tr style=\"background:linear-gradient(90deg,rgba(131,255,115,0.78) 0%,rgba(0,255,13,0) 100%)\"><td class=\"has-text-align-center\" data-align=\"center\">Bonn on Ice, 27.12.25 um 11 Uhr Anf\u00e4nger<\/td><td class=\"has-text-align-center\" data-align=\"center\">Sa<br>27.12.2025<br>11:00Uhr - 11:50Uhr<\/td><td class=\"has-text-align-center\" data-align=\"center\"><u>keine Reservierung m&ouml;glich<\/u><\/td><td class=\"has-text-align-center\" data-align=\"center\"><font color=#bc0000>nur noch 2<\/font><\/td><td>18&euro; \/ 15&euro;<\/td><\/tr><tr style=\"background:linear-gradient(270deg,rgba(131,255,115,0) 15%,rgba(255,237,0,0.31) 100%)\"><td class=\"has-text-align-center\" data-align=\"center\">Bonn on Ice 03.01.26 um 10 Uhr, Fortgeschrittene<\/td><td class=\"has-text-align-center\" data-align=\"center\">Sa<br>03.01.2026<br>10:00Uhr - 10:50Uhr<\/td><td class=\"has-text-align-center\" data-align=\"center\"><u>keine Reservierung m&ouml;glich<\/u><\/td><td class=\"has-text-align-center\" data-align=\"center\"><font color=#00bc00>noch 11<\/font><\/td><td>18&euro; \/ 15&euro;<\/td><\/tr><tr style=\"background:linear-gradient(90deg,rgba(131,255,115,0.78) 0%,rgba(0,255,13,0) 100%)\"><td class=\"has-text-align-center\" data-align=\"center\">Bonn on Ice Eislaufkurs Anf\u00e4nger 11 Uhr am 03.01.26<\/td><td class=\"has-text-align-center\" data-align=\"center\">Sa<br>03.01.2026<br>11:00Uhr - 11:50Uhr<\/td><td class=\"has-text-align-center\" data-align=\"center\"><u>keine Reservierung m&ouml;glich<\/u><\/td><td class=\"has-text-align-center\" data-align=\"center\"><font color=#00bc00>noch 13<\/font><\/td><td>18&euro; \/ 15&euro;<\/td><\/tr><tr style=\"background:linear-gradient(90deg,rgba(131,255,115,0.78) 0%,rgba(0,255,13,0) 100%)\"><td class=\"has-text-align-center\" data-align=\"center\">Bonn on Ice, Samstag 10.01.26 um  10 Uhr Anf\u00e4nger<\/td><td class=\"has-text-align-center\" data-align=\"center\">Sa<br>10.01.2026<br>10:00Uhr - 10:50Uhr<\/td><td class=\"has-text-align-center\" data-align=\"center\"><u>keine Reservierung m&ouml;glich<\/u><\/td><td class=\"has-text-align-center\" data-align=\"center\"><font color=#00bc00>noch 13<\/font><\/td><td>18&euro; \/ 15&euro;<\/td><\/tr><\/tbody><\/table><\/figure>\n\r\n\r\n<div style=\"position: relative; z-index: 1;\">\r\n<div style=\"position: absolute; z-index: -1; top: 0; bottom: 0; left: 0; right: 0; background: url('https:\/\/duron900.de\/eislaufen\/wp-content\/uploads\/2023\/09\/Unbenannt1.jpg'); background-repeat: no-repeat; opacity: .15; width: 100%; height: 100%;\">\u00a0<\/div>\r\n<!-- \/wp:html -->\r\n\r\n\r\n<!-- wp:html -->\r\n<p>Nach Vereinbarung, sind Privatkurse Samstags ab 12:00 Uhr m\u00f6glich. Den Rest der Woche nach Absprache.<br \/><br \/><\/p>\r\n<ol>\r\n\r\n<li>Kindergeburtstag 120\u20ac \/ 60 Minuten nach Vereinbarung<\/li>\r\n<li>Privatstunde 120\u20ac \/ 60 Minuten<\/li>\r\n<li>Privatstunde 60\u20ac \/ 30 Minuten<\/li>\r\n<li>Privatstunde 30\u20ac \/ 15 Minuten<\/li>\r\n<\/ol>\r\n<!-- \/wp:html -->","protected":false},"excerpt":{"rendered":"<p>&nbsp; Auch in dieser Saison gibt es bei &#8222;Bonn on ICE&#8220; was zu lernen.Sucht euch einen Termin raus und meldet euch an.Oder doch lieber Privatunterricht? Ihr habt die Wahl! Ihr habt auch die M\u00f6glichkeit mehrere Tage mit einer Sammel-Karte Einmal ist euch nicht genug?G\u00f6nnt euch einen Spezialkurs.F\u00fcr Anf\u00e4nger und Fortgeschrittene.und hier findest ihr die Winter &hellip; <a href=\"https:\/\/duron900.de\/eislaufen\/?page_id=559\" class=\"more-link\"><span class=\"screen-reader-text\">&#8222;Bonn on ICE&#8220; <\/span>weiterlesen<\/a><\/p>\n","protected":false},"author":1,"featured_media":0,"parent":0,"menu_order":0,"comment_status":"closed","ping_status":"closed","template":"","meta":[],"_links":{"self":[{"href":"https:\/\/duron900.de\/eislaufen\/index.php?rest_route=\/wp\/v2\/pages\/559"}],"collection":[{"href":"https:\/\/duron900.de\/eislaufen\/index.php?rest_route=\/wp\/v2\/pages"}],"about":[{"href":"https:\/\/duron900.de\/eislaufen\/index.php?rest_route=\/wp\/v2\/types\/page"}],"author":[{"embeddable":true,"href":"https:\/\/duron900.de\/eislaufen\/index.php?rest_route=\/wp\/v2\/users\/1"}],"replies":[{"embeddable":true,"href":"https:\/\/duron900.de\/eislaufen\/index.php?rest_route=%2Fwp%2Fv2%2Fcomments&post=559"}],"version-history":[{"count":51,"href":"https:\/\/duron900.de\/eislaufen\/index.php?rest_route=\/wp\/v2\/pages\/559\/revisions"}],"predecessor-version":[{"id":1069,"href":"https:\/\/duron900.de\/eislaufen\/index.php?rest_route=\/wp\/v2\/pages\/559\/revisions\/1069"}],"wp:attachment":[{"href":"https:\/\/duron900.de\/eislaufen\/index.php?rest_route=%2Fwp%2Fv2%2Fmedia&parent=559"}],"curies":[{"name":"wp","href":"https:\/\/api.w.org\/{rel}","templated":true}]}}